{"id":1683,"date":"2025-08-18T07:32:30","date_gmt":"2025-08-18T07:32:30","guid":{"rendered":"https:\/\/wsparcieopiekunow.pl\/?page_id=1683"},"modified":"2025-08-18T08:41:54","modified_gmt":"2025-08-18T08:41:54","slug":"o-projekcie","status":"publish","type":"page","link":"https:\/\/wsparcieopiekunow.pl\/?page_id=1683","title":{"rendered":"o projekcie"},"content":{"rendered":"\n<figure class=\"wp-block-image size-large\"><img loading=\"lazy\" decoding=\"async\" width=\"1024\" height=\"689\" src=\"https:\/\/wsparcieopiekunow.pl\/wp-content\/uploads\/2025\/08\/plakat-www-1024x689.png\" alt=\"\" class=\"wp-image-1685\" srcset=\"https:\/\/wsparcieopiekunow.pl\/wp-content\/uploads\/2025\/08\/plakat-www-1024x689.png 1024w, https:\/\/wsparcieopiekunow.pl\/wp-content\/uploads\/2025\/08\/plakat-www-300x202.png 300w, https:\/\/wsparcieopiekunow.pl\/wp-content\/uploads\/2025\/08\/plakat-www-768x516.png 768w, https:\/\/wsparcieopiekunow.pl\/wp-content\/uploads\/2025\/08\/plakat-www-1536x1033.png 1536w, https:\/\/wsparcieopiekunow.pl\/wp-content\/uploads\/2025\/08\/plakat-www-2048x1377.png 2048w\" sizes=\"auto, (max-width: 1024px) 100vw, 1024px\" \/><\/figure>\n\n\n\n<p>W okresie od 1 kwietnia 2025 r. do 30 czerwca 2029 r. Gmina Wieliczka, za po\u015brednictwem Miejsko-Gminnego O\u015brodka Pomocy Spo\u0142ecznej w Wieliczce, realizuje projekt pn. <strong>\u201ePOKONA\u0106 OGRANICZENIA\u201d \u2013 rozw\u00f3j us\u0142ug spo\u0142ecznych skierowanych do os\u00f3b zale\u017cnych, niepe\u0142nosprawnych i ich opiekun\u00f3w<\/strong>. Projekt jest realizowany w ramach programu <em>Fundusze Europejskie dla Ma\u0142opolski 2021\u20132027<\/em>, Priorytet 6: Fundusze europejskie dla rynku pracy, edukacji i w\u0142\u0105czenia spo\u0142ecznego, Dzia\u0142anie 6.33: Wsparcie us\u0142ug spo\u0142ecznych w regionie \u2013 ZIT, wsp\u00f3\u0142finansowanego ze \u015brodk\u00f3w Europejskiego Funduszu Spo\u0142ecznego Plus.<\/p>\n\n\n\n<ul class=\"wp-block-list\">\n<li><strong>Cel projektu<\/strong><\/li>\n<\/ul>\n\n\n\n<p>Celem projektu jest zwi\u0119kszenie dost\u0119pno\u015bci i jako\u015bci us\u0142ug spo\u0142ecznych na terenie Gminy Wieliczka oraz zapobieganie i ograniczanie przejaw\u00f3w wykluczenia spo\u0142ecznego w\u015br\u00f3d os\u00f3b niesamodzielnych i ich opiekun\u00f3w faktycznych. Wzmacnianie tych us\u0142ug jest zgodne z za\u0142o\u017ceniami regionalnych program\u00f3w finansowanych ze \u015brodk\u00f3w Europejskiego Funduszu Spo\u0142ecznego Plus.<\/p>\n\n\n\n<p>Wszystkie us\u0142ugi i wsparcie w ramach projektu zapewnione zostan\u0105 <strong>bezp\u0142atne.<\/strong><\/p>\n\n\n\n<ul class=\"wp-block-list\">\n<li><strong>Mobilne Centrum Wsparcia Opiekun\u00f3w Faktycznych<\/strong><\/li>\n<\/ul>\n\n\n\n<p>W ramach projektu zostanie utworzone <strong>Mobilne Centrum Wsparcia Opiekun\u00f3w Faktycznych (MCWOF)<\/strong>, dzia\u0142aj\u0105ce zgodnie z modelem centr\u00f3w wsparcia opiekun\u00f3w nieformalnych\/faktycznych w Ma\u0142opolsce (Za\u0142\u0105cznik nr 13 do Regulaminu wyboru projekt\u00f3w w spos\u00f3b niekonkurencyjny nr FEMP.06.33-IP.01-031\/24).<\/p>\n\n\n\n<p><strong>Zakres wsparcia oferowanego przez Centrum obejmuje:<\/strong><\/p>\n\n\n\n<ol class=\"wp-block-list\">\n<li>Wsparcie edukacyjno-doradcze dla opiekun\u00f3w faktycznych.<\/li>\n\n\n\n<li>W miar\u0119 mo\u017cliwo\u015bci \u2013 zapewnienie opieki nad podopiecznymi na czas udzia\u0142u opiekuna w szkoleniach i grupach wsparcia.<\/li>\n\n\n\n<li>Dzia\u0142ania informacyjno-edukacyjne dla kadry zaanga\u017cowanej w opiek\u0119 nad osobami potrzebuj\u0105cymi wsparcia.<\/li>\n\n\n\n<li>Opiek\u0119 nad osobami z zale\u017cnymi w tym z niepe\u0142nosprawno\u015bciami w formie:\n<ul class=\"wp-block-list\">\n<li>opieki wytchnieniowej ca\u0142odobowej,<\/li>\n\n\n\n<li>opieki wytchnieniowej dziennej,<\/li>\n\n\n\n<li>us\u0142ug asystenta osobistego osoby niepe\u0142nosprawnej (AOON),<\/li>\n<\/ul>\n<\/li>\n\n\n\n<li>Us\u0142ugi mobilnego zespo\u0142u specjalist\u00f3w (w zale\u017cno\u015bci od potrzeb: pracownik socjalny, fizjoterapeuta, psycholog, prawnik),<\/li>\n\n\n\n<li>Dost\u0119pn\u0105 stron\u0119 internetow\u0105 oraz materia\u0142y informacyjne u\u0142atwiaj\u0105ce dost\u0119p do wiedzy i wsparcia dla opiekun\u00f3w faktycznych.<\/li>\n<\/ol>\n\n\n\n<ul class=\"wp-block-list\">\n<li><strong>Korzy\u015bci dla uczestnik\u00f3w<\/strong><\/li>\n<\/ul>\n\n\n\n<p>Szkolenia, warsztaty i grupy wsparcia umo\u017cliwi\u0105 opiekunom rozw\u00f3j umiej\u0119tno\u015bci niezb\u0119dnych w codziennych obowi\u0105zkach, poprawiaj\u0105c jako\u015b\u0107 opieki nad osobami zale\u017cnymi, ich dobrostan oraz komfort \u017cycia. Dzia\u0142ania te d\u0142ugofalowo przyczyni\u0105 si\u0119 do ograniczenia konieczno\u015bci korzystania z opieki instytucjonalnej.<\/p>\n\n\n\n<p>Szkolenia dla profesjonalist\u00f3w (kadr) pozwol\u0105 na wymian\u0119 do\u015bwiadcze\u0144 i skuteczniejsze \u015bwiadczenie pomocy, w tym lepsze poruszanie si\u0119 w systemie wsparcia oraz identyfikowanie dost\u0119pnych us\u0142ug.<\/p>\n\n\n\n<ul class=\"wp-block-list\">\n<li><strong>Grupa docelowa<\/strong><\/li>\n<\/ul>\n\n\n\n<p>Wsparcie kierowane jest do:<\/p>\n\n\n\n<ul class=\"wp-block-list\">\n<li>Os\u00f3b z niepe\u0142nosprawno\u015bci\u0105 posiadaj\u0105cych orzeczenie o umiarkowanym lub znacznym stopniu niepe\u0142nosprawno\u015bci (lub r\u00f3wnowa\u017cne),<\/li>\n\n\n\n<li>Dzieci do 16. roku \u017cycia z orzeczeniem o niepe\u0142nosprawno\u015bci, kt\u00f3re wymagaj\u0105 sta\u0142ej lub d\u0142ugotrwa\u0142ej opieki oraz codziennego zaanga\u017cowania opiekuna w proces leczenia, rehabilitacji i edukacji.<\/li>\n<\/ul>\n\n\n\n<p>Minimum 50% uczestnik\u00f3w stanowi\u0107 b\u0119d\u0105 osoby wymagaj\u0105ce wysokiego poziomu wsparcia \u2013 kobiety i m\u0119\u017cczy\u017ani \u2013 przy zachowaniu zasad r\u00f3wno\u015bci szans i niedyskryminacji.<\/p>\n\n\n\n<ul class=\"wp-block-list\">\n<li><strong>Rekrutacja i realizacja<\/strong><\/li>\n<\/ul>\n\n\n\n<p>Kwalifikacji uczestnik\u00f3w dokonuje zesp\u00f3\u0142 powo\u0142any przez Koordynatora MCWOF. Us\u0142ugi b\u0119d\u0105 realizowane przez specjalist\u00f3w posiadaj\u0105cych odpowiednie kwalifikacje i do\u015bwiadczenie \u2013 zar\u00f3wno kobiety, jak i m\u0119\u017cczyzn \u2013 zgodnie z zasad\u0105 r\u00f3wno\u015bci szans.<\/p>\n\n\n\n<ul class=\"wp-block-list\">\n<li><strong>Rezultaty projektu<\/strong><\/li>\n<\/ul>\n\n\n\n<p>Planowana liczba uczestnik\u00f3w: <strong>237 os\u00f3b<\/strong>, w tym:<\/p>\n\n\n\n<ul class=\"wp-block-list\">\n<li><strong>75 opiekun\u00f3w faktycznych<\/strong> obj\u0119tych kompleksowym wsparciem,<\/li>\n\n\n\n<li><strong>30 os\u00f3b zale\u017cnych<\/strong> obj\u0119tych us\u0142ugami asystenta osobistego,<\/li>\n\n\n\n<li><strong>15 os\u00f3b zale\u017cnych<\/strong> obj\u0119tych ca\u0142odobow\u0105 opiek\u0105 wytchnieniow\u0105,<\/li>\n\n\n\n<li><strong>9 os\u00f3b zale\u017cnych<\/strong> obj\u0119tych dzienn\u0105 opiek\u0105 wytchnieniow\u0105,<\/li>\n\n\n\n<li><strong>8 os\u00f3b (rotacyjnie)<\/strong> obj\u0119tych dzienn\u0105 opiek\u0105 wytchnieniow\u0105,<\/li>\n\n\n\n<li><strong>100 przedstawicieli instytucji pomocowych<\/strong> obj\u0119tych wsparciem w formie szkole\u0144.<\/li>\n\n\n\n<li><strong>Wp\u0142yw projektu<\/strong><\/li>\n<\/ul>\n\n\n\n<p>Projekt przyczyni si\u0119 do rozwoju us\u0142ug spo\u0142ecznych zgodnych z zasad\u0105 deinstytucjonalizacji oraz ograniczenia potrzeby zapewnienia opieki instytucjonalnej osobom wymagaj\u0105cym codziennego wsparcia.<\/p>\n\n\n\n<ul class=\"wp-block-list\">\n<li><strong>Bud\u017cet projektu<\/strong><\/li>\n\n\n\n<li><strong>Ca\u0142kowita warto\u015b\u0107 projektu:<\/strong> 4 480 769,15 PLN<\/li>\n\n\n\n<li><strong>Dofinansowanie z Funduszy Europejskich:<\/strong> 3 807 578,71 PLN<\/li>\n<\/ul>\n\n\n\n<p><strong>Wk\u0142ad w\u0142asny Gminy Wieliczka:<\/strong> 225 240,00 PLN<\/p>\n\n\n\n<p><\/p>\n\n\n\n<p><\/p>\n\n\n\n<p>#FunduszeUE #FunduszeEuropejskie<\/p>\n","protected":false},"excerpt":{"rendered":"<p>W okresie od 1 kwietnia 2025 r. do 30 czerwca 2029 r. Gmina Wieliczka, za po\u015brednictwem Miejsko-Gminnego O\u015brodka Pomocy Spo\u0142ecznej w Wieliczce, realizuje projekt pn. \u201ePOKONA\u0106 OGRANICZENIA\u201d \u2013 rozw\u00f3j us\u0142ug &#8230;<\/p>\n","protected":false},"author":1,"featured_media":0,"parent":0,"menu_order":0,"comment_status":"closed","ping_status":"closed","template":"","meta":{"footnotes":""},"class_list":["post-1683","page","type-page","status-publish","hentry"],"_links":{"self":[{"href":"https:\/\/wsparcieopiekunow.pl\/index.php?rest_route=\/wp\/v2\/pages\/1683","targetHints":{"allow":["GET"]}}],"collection":[{"href":"https:\/\/wsparcieopiekunow.pl\/index.php?rest_route=\/wp\/v2\/pages"}],"about":[{"href":"https:\/\/wsparcieopiekunow.pl\/index.php?rest_route=\/wp\/v2\/types\/page"}],"author":[{"embeddable":true,"href":"https:\/\/wsparcieopiekunow.pl\/index.php?rest_route=\/wp\/v2\/users\/1"}],"replies":[{"embeddable":true,"href":"https:\/\/wsparcieopiekunow.pl\/index.php?rest_route=%2Fwp%2Fv2%2Fcomments&post=1683"}],"version-history":[{"count":3,"href":"https:\/\/wsparcieopiekunow.pl\/index.php?rest_route=\/wp\/v2\/pages\/1683\/revisions"}],"predecessor-version":[{"id":1691,"href":"https:\/\/wsparcieopiekunow.pl\/index.php?rest_route=\/wp\/v2\/pages\/1683\/revisions\/1691"}],"wp:attachment":[{"href":"https:\/\/wsparcieopiekunow.pl\/index.php?rest_route=%2Fwp%2Fv2%2Fmedia&parent=1683"}],"curies":[{"name":"wp","href":"https:\/\/api.w.org\/{rel}","templated":true}]}}